ime factors of 9842698.
2, 4921349
List the prime factors of 433241.
433241
What are the prime factors of 706094?
2, 353047
List the prime factors of 18505.
5, 3701
What are the prime factors of 808865?
5, 161773
What are the prime factors of 8167570?
2, 5, 31, 26347
List the prime factors of 8898432.
2, 3, 23173
List the prime factors of 41153.
7, 5879
List the prime factors of 1456847.
7, 208121
List the prime factors of 249086.
2, 124543
What are the prime factors of 1277413?
47, 27179
List the prime factors of 32269.
23, 61
List the prime factors of 143256.
2, 3, 47, 127
List the prime factors of 19394030.
2, 5, 1939403
What are the prime factors of 30836?
2, 13, 593
List the prime factors of 2482250.
2, 5, 9929
What are the prime factors of 204007?
204007
What are the prime factors of 2833963?
11, 53, 4861
What are the prime factors of 10778633?
29, 443, 839
List the prime factors of 166362.
2, 3, 7, 17, 233
What are the prime factors of 27571240?
2, 5, 479, 1439
What are the prime factors of 6837664?
2, 157, 1361
List the prime factors of 10825.
5, 433
List the prime factors of 1291165.
5, 258233
What are the prime factors of 37441784?
2, 29, 161387
List the prime factors of 110200.
2, 5, 19, 29
List the prime factors of 401386.
2, 97, 2069
List the prime factors of 417574.
2, 208787
What are the prime factors of 978963?
3, 47, 53, 131
What are the prime factors of 6926402?
2, 7, 494743
List the prime factors of 250134.
2, 3, 47, 887
What are the prime factors of 6757143?
3, 17, 47, 2819
What are the prime factors of 124848?
2, 3, 17
List the prime factors of 3289474.
2, 1039, 1583
List the prime factors of 720030.
2, 3, 5, 24001
List the prime factors of 135458.
2, 89, 761
List the prime factors of 188079.
3, 71, 883
List the prime factors of 16308566.
2, 8154283
What are the prime factors of 3699180?
2, 3, 5, 20551
What are the prime factors of 6882351?
3, 7, 19, 47, 367
What are the prime factors of 787680?
2, 3, 5, 547
List the prime factors of 7351128.
2, 3, 34033
List the prime factors of 24893792.
2, 7, 11, 10103
What are the prime factors of 14887793?
83, 181, 991
List the prime factors of 711276.
2, 3, 59273
List the prime factors of 4219573.
4219573
What are the prime factors of 65822?
2, 32911
List the prime factors of 1814542.
2, 331, 2741
List the prime factors of 1057388.
2, 19, 13913
List the prime factors of 380583.
3, 7, 863
What are the prime factors of 39232?
2, 613
List the prime factors of 129469.
129469
What are the prime factors of 124299?
3, 7, 1973
What are the prime factors of 9762450?
2, 3, 5, 37, 1759
List the prime factors of 73718.
2, 29, 31, 41
List the prime factors of 2854778.
2, 1427389
What are the prime factors of 22040?
2, 5, 19, 29
List the prime factors of 1839903.
3, 13, 19, 191
List the prime factors of 9332253.
3, 7, 109, 151
List the prime factors of 3511449.
3, 390161
What are the prime factors of 20389808?
2, 1274363
List the prime factors of 7040623.
7040623
List the prime factors of 218946.
2, 3, 7, 13, 401
What are the prime factors of 12099695?
5, 2419939
What are the prime factors of 1425792?
2, 3, 47, 79
List the prime factors of 607345.
5, 121469
What are the prime factors of 31015?
5, 6203
What are the prime factors of 651261?
3, 13, 16699
What are the prime factors of 978399?
3, 47, 257
What are the prime factors of 226589?
11, 20599
List the prime factors of 4026316.
2, 7, 143797
List the prime factors of 18482623.
827, 22349
List the prime factors of 2003035.
5, 400607
What are the prime factors of 372107?
372107
What are the prime factors of 61687?
61687
What are the prime factors of 12577570?
2, 5, 41, 30677
What are the prime factors of 3755161?
97, 38713
List the prime factors of 5574544.
2, 31, 11239
What are the prime factors of 6175235?
5, 11, 59, 173
List the prime factors of 1037063.
443, 2341
What are the prime factors of 299406?
2, 3, 139, 359
List the prime factors of 4145257.
4145257
List the prime factors of 218622.
2, 3, 83, 439
List the prime factors of 1669816.
2, 47, 4441
List the prime factors of 3373960.
2, 5, 84349
What are the prime factors of 3267259?
19, 359, 479
List the prime factors of 23042028.
2, 3, 1327, 1447
List the prime factors of 148531.
148531
What are the prime factors of 1988633?
1988633
What are the prime factors of 22511?
22511
What are the prime factors of 482621?
482621
What are the prime factors of 606802?
2, 7, 89, 487
List the prime factors of 231925.
5, 9277
List the prime factors of 678249.
3, 11, 13, 17, 31
What are the prime factors of 19112357?
11, 127, 13681
List the prime factors of 19425993.
3, 47, 311, 443
What are the prime factors of 82561?
82561
List the prime factors of 133138.
2, 66569
What are the prime factors of 568025?
5, 22721
List the prime factors of 5533906.
2, 7, 277, 1427
List the prime factors of 243785.
5, 48757
What are the prime factors of 5337172?
2, 1091, 1223
List the prime factors of 273707.
7, 61, 641
What are the prime factors of 206449?
431, 479
What are the prime factors of 253203?
3, 84401
List the prime factors of 607032.
2, 3, 8431
List the prime factors of 269478.
2, 3, 11, 1361
List the prime factors of 161901.
3, 17989
What are the prime factors of 212499?
3, 7, 3373
What are the prime factors of 81940?
2, 5, 17, 241
What are the prime factors of 1336813?
29, 31, 1487
List the prime factors of 14545.
5, 2909
What are the prime factors of 2794295?
5, 7, 29, 2753
List the prime factors of 123693.
3, 41231
What are the prime factors of 1182?
2, 3, 197
List the prime factors of 762982.
2, 11, 79, 439
What are the prime factors of 8065810?
2, 5, 806581
What are the prime factors of 39869?
39869
List the prime factors of 13117298.
2, 6558649
List the prime factors of 4009115.
5, 11, 72893
What are the prime factors of 1805805?
3, 5, 40129
List the prime factors of 74661.
3, 41, 607
What are the prime factors of 8606647?
7, 1229521
List the prime factors of 5909709.
3, 13, 151531
List the prime factors of 1684495.
5, 336899
List the prime factors of 2099348.
2, 19, 23, 1201
What are the prime factors of 103711?
37, 2803
List the prime factors of 3195709.
11, 353, 823
What are the prime factors of 11865300?
2, 3, 5, 39551
What are the prime factors of 4998219?
3, 37, 1217
List the prime factors of 240235.
5, 23, 2089
List the prime factors of 1120853.
313, 3581
What are the prime factors of 77753?
13, 5981
List the prime factors of 870486.
2, 3, 59, 2459
What are the prime factors of 1522960?
2, 5, 19037
List the prime factors of 499061.
29, 17209
What are the prime factors of 2609874?
2, 3, 17, 2843
What are the prime factors of 184860?
2, 3, 5, 13, 79
List the prime factors of 106256.
2, 29, 229
List the prime factors of 1195889.
1039, 1151
What are the prime factors of 403725?
3, 5, 7, 769
List the prime factors of 575353.
41, 14033
What are the prime factors of 252609?
3, 7, 23, 523
What are the prime factors of 5638247?
5638247
List the prime factors of 143692.
2, 35923
What are the prime factors of 335058?
2, 3, 55843
List the prime factors of 555064.
2, 69383
What are the prime factors of 2611956?
2, 3, 307, 709
List the prime factors of 829033.
31, 47, 569
List the prime factors of 6396680.
2, 5, 43, 3719
What are the prime factors of 12242572?
2, 787, 3889
What are the prime factors of 2504134?
2, 17, 73651
What are the prime factors of 1329087?
3, 43, 10303
List the prime factors of 1789117.
11, 41, 3967
List the prime factors of 11394.
2, 3, 211
What are the prime factors of 296440?
2, 5, 7411
List the prime factors of 243366.
2, 3, 47, 863
What are the prime factors of 166820?
2, 5, 19, 439
What are the prime factors of 2706641?
7, 31, 12473
List the prime factors of 19073061.
3, 7, 302747
List the prime factors of 967997.
17, 56941
What are the prime factors of 3126172?
2, 7, 311, 359
List the prime factors of 226029.
3, 59, 1277
What are the prime factors of 60973?
11, 23, 241
What are the prime factors of 139049?
211, 659
What are the prime factors of 482851?
17, 28403
What are the prime factors of 533411?
73, 7307
What are the prime factors of 382436?
2, 67, 1427
List the prime factors of 782994.
2, 3, 37, 3527
What are the prime factors of 9240795?
3, 5, 173, 1187
List the prime fact